2*t + 2*u + v = 5*t, 4*t - 4*u - 40 = 0. Does 2 divide t?
True
Let m = -13 + 13. Let q(c) = -c - 2. Let u be q(-7). Suppose 29 = 4*s + 5*t - 0*t, -u*s - 3*t + 33 = m. Is s a multiple of 3?
True
Suppose -8*f = 51*f - 65490. Is 74 a factor of f?
True
Let q(w) = w - 11. Let o(f) = -f + 11. Let z(n) = 3*o(n) + 4*q(n). Let a be z(11). Suppose 4*s + 3*h - 385 = a, s - 2*h + 290 = 4*s. Is s a multiple of 36?
False
Let l(w) = -w**3 + 15*w**2 + 102*w + 13. Is l(20) a multiple of 12?
False
Suppose 4*u + 2*d - 4088 = d, 0 = 2*u + d - 2044. Is 11 a factor of u?
False
Suppose 15976 = 5*c + 3*q, 5*q = 3*c + 7*q - 9585. Is c a multiple of 21?
False
Let x(a) = a**2 - 2*a + 16. Let c be x(0). Let m(h) = -h**2 + 16*h + 4. Let z be m(c). Suppose 0*b + 3*p + 115 = 5*b, 0 = -b - z*p. Does 11 divide b?
False
Suppose 2*h - 4*h + 2218 = 3*k, -5*h - 728 = -k. Is 82 a factor of k?
True
Suppose 0 = -m + 6*m + 10. Let j(v) = -16*v + 4. Let d be j(m). Suppose 32 = 5*q - 5*n - 13, -2*q - 4*n + d = 0. Is q a multiple of 4?
True
Suppose 3*j - 46 = -c, -j - 34 = 21*c - 22*c. Does 17 divide c?
False
Suppose -15 = -2*x + 37. Suppose 8*i - 20 = 20. Suppose -2*r + i = h - x, -5*r = -4*h - 45. Is r a multiple of 7?
False
Suppose -a - 1971 + 366 = -5*q, -2*q - 4*a + 620 = 0. Is q a multiple of 2?
True
Let l = 391 + 25. Does 4 divide l?
True
Let v(t) = -2*t**3 + 17*t**2 + 5*t - 28. Is v(7) a multiple of 7?
True
Does 56 divide 2462 - (-2 - -3 - 0) - -3?
True
Suppose 55 = b + 1. Let z = 127 - b. Suppose -3*d = 3*j - z - 71, 0 = 2*j - d - 111. Does 22 divide j?
False
Let k(p) = 17*p**2 - 16*p - 4. Is 17 a factor of k(5)?
False
Let n = 1485 - 621. Is 16 a factor of n?
True
Let z = 12 - 7. Suppose -j + z*r + 27 = j, -4*j + 4*r = -72. Is j a multiple of 4?
False
Let t(p) = 2*p**2 + 0*p**2 + 6*p + 0*p. Let w = 264 - 268. Does 2 divide t(w)?
True
Let a(y) = -y**3 - 8*y**2 + 12*y + 12. Let m be a(-8). Does 21 divide (0 - m)*(-5)/(-10)?
True
Let l = -3 + -11. Is 11 a factor of 12/28 + (-470)/l + -1?
True
Suppose 0 = 16*c - 18*c + 484. Is c a multiple of 22?
True
Let m(n) = 4*n + 29. Is 4 a factor of m(55)?
False
Let f(l) = l**3 - 7*l**2 - 8*l + 10. Let x be f(8). Suppose 0 = -5*g - x + 35. Let q(c) = -c**2 + 9*c + 4. Does 24 divide q(g)?
True
Let z(j) = j**3 - 2*j**2 - 4*j - 2. Let u be z(-2). Let d be (-2 + u)/((-12)/(-56)). Let m = 104 + d. Is 10 a factor of m?
False
Suppose 26*q = 33*q - 2058. Does 21 divide q?
True
Let r(b) be the second derivative of b**5/20 + 3*b**4/4 + b**3/6 + 11*b**2/2 - 2*b. Let i be r(-9). Suppose -w = i*g - 72, w - 60 = 4*g - 0*g. Does 30 divide w?
False
Let j be -1 - (-1)/(-3)*9. Let l = 3 + -4. Is (159/12)/(l/j) a multiple of 12?
False
Let l = -5273 + 7523. Does 75 divide l?
True
Suppose 8 = 3*n + 2. Let g = n - -18. Is g a multiple of 3?
False
Let d be (20/(-10))/(1/(-14)). Does 12 divide (d/(-6) - (0 + -2))*-54?
True
Suppose -173 = -5*h + 317. Is h even?
True
Suppose 3*f - 540 = -f. Suppose 0 = -9*n + 36 + f. Is 5 a factor of n?
False
Let g = -41 - -15. Let j = g - -31. Is 5 a factor of j?
True
Let s = -2 + -1. Suppose -3*m + 2*t - 1 + 10 = 0, 3*m + 3*t - 9 = 0. Is 6 + m - (s + 0) a multiple of 6?
True
Let c(l) = l**3 + 10*l**2 + 11. Let m be c(-10). Suppose 1723 = m*r - 840. Does 22 divide r?
False
Let z = 83 - 83. Is 15 a factor of z + 1 + 22 - -2?
False
Let i = 452 - 319. Suppose 3 = -u, -20 = -4*o - u - 3*u. Suppose 2*c - x = i, 2*c + o - 153 = 5*x. Is c a multiple of 13?
True
Let o(t) = -t**3 - 8*t**2 - 13*t - 2. Let v(b) = b + 1. Let a = -23 - -24. Let w(x) = a*o(x) + 5*v(x). Does 2 divide w(-7)?
True
Let o = 85 + -93. Does 59 divide (-18 - 0)*o/(24/45)?
False
Does 9 divide -9*(7 - 2451)/13?
True
Let j = -154 - -286. Is 12 a factor of j?
True
Let m = -11 - -9. Let h(j) = 10*j**2 - j - 2. Let i be h(m). Suppose -4*x = 3*u - i, u = -2*u + x + 65. Does 20 divide u?
True
Let d = -5 - -5. Suppose 14*g - 10*g - 376 = d. Is g a multiple of 23?
False
Suppose 0 = -392*i + 381*i + 5643. Is i a multiple of 7?
False
Suppose -4*b = 4*l + 8, 5*l + b + 2*b = 0. Suppose -1 - l = -z. Is 10 a factor of z/(16/(-4)) - -55?
False
Let p be 1*-4 + (-3 - -14). Let b = p + -6. Does 11 divide (-605)/(-44) + b/4?
False
Let t(z) = -z - 7. Let q be t(2). Does 4 divide q/15 + 918/30?
False
Let k(f) = 179*f + 533. Is k(6) a multiple of 6?
False
Does 6 divide (153 - -39)/(-1 + 10/6)?
True
Let v be -2 + -5 + 1 + 2. Let z(p) = -4*p - 4. Let c(h) = -1. Let a(w) = -14*c(w) + 2*z(w). Is a(v) a multiple of 8?
False
Let z = 5519 - 3641. Does 85 divide z?
False
Let t be (-38)/(-1 + -2 + (-338)/(-117)). Let i = t + 9. Is i a multiple of 16?
False
Suppose 4*y + 134 = 2*s, -48 - 23 = -s - 2*y. Suppose -3*m + 1 + 2 = 0, 0 = 3*c - 4*m - 53. Let r = s - c. Is 25 a factor of r?
True
Let t = -14 + 70. Suppose -5*f + 3*g + 86 = 0, 2*f + t = 5*f - 4*g. Suppose 0*l + f = l. Does 7 divide l?
False
Suppose 0*r + 3*r = 30. Let z(l) = -l**2 + 6 - l - 17*l + 31*l. Is z(r) a multiple of 18?
True
Suppose 0*v = 5*f + 5*v - 460, -f - 3*v + 96 = 0. Let o = f + 10. Is o a multiple of 20?
True
Let h(v) = 38*v + 5. Let d(u) = -u + 1. Let y(q) = 5*d(q) + h(q). Let a be y(8). Suppose -5*o - 6*n + 2*n = -349, 2*n = 4*o - a. Does 17 divide o?
False
Suppose 3*j - 700 = -v + 980, v = 2*j - 1115. Is 15 a factor of j?
False
Is 14 a factor of (-13 - (-276)/24)/((-3)/5854)?
False
Is (-28)/(-49) - (-9570)/35 a multiple of 53?
False
Let m(q) = -q**3 - 9*q**2 - 10*q + 12. Let j be m(-8). Let b = j - -17. Does 10 divide b?
False
Suppose 207 - 53 = -7*c. Let s = c + 258. Is s a multiple of 16?
False
Let z(w) = -w**3 - 10*w**2 + 12*w + 14. Let k be z(-11). Does 18 divide ((-16)/(-12))/(k/486)?
True
Let p(a) = -16*a + 4. Let k be p(-1). Suppose -k*g + 1365 = -13*g. Is 15 a factor of g?
True
Suppose 4*a - 8*a - 1072 = -4*s, -1057 = -4*s + a. Is s a multiple of 20?
False
Suppose 2*j = 5*b - 0 - 4, 0 = 3*j + 5*b - 19. Let r(q) = 36*q + 6. Is 19 a factor of r(j)?
True
Suppose -4*t - 1 = f, 16 + 4 = 5*f - 5*t. Suppose -f*s + 0*s = 126. Let w = s - -67. Does 15 divide w?
False
Let p be 24/11 + 4/(-22). Let a(h) = -h - 2 - 2*h**p - 4*h + h**2 - 6*h. Is 2 a factor of a(-10)?
True
Let n(k) be the first derivative of 9*k**4/2 + k**3 - 2*k + 6. Is n(1) even?
False
Let q = -431 - -767. Let a = q + -142. Is 17 a factor of a?
False
Suppose -9*i = -7*i. Suppose t - 3*j = 7, i*t + 2*j = -t + 7. Suppose 24 = -t*u + 11*u. Is u a multiple of 3?
True
Let a(v) = v + 4 - 5 + 1 - 3. Let b be a(5). Let r = b - -14. Is r a multiple of 11?
False
Let x(i) = 3*i**2 + 50*i + 154. Does 31 divide x(-3)?
True
Suppose 0*z - 5*s + 9 = 2*z, 5 = 3*z - s. Is 125/z - 6/(-4) a multiple of 32?
True
Suppose -4*c + p = -13, 4*p - p + 9 = -3*c. Let w be ((-536)/12*-3)/c. Suppose 3*a + a = j - 5, a - w = -3*j. Is j a multiple of 6?
False
Suppose 1003 = 12*j + 91. Let b = 107 - j. Does 10 divide b?
False
Let a = 31 - 19. Suppose 0 = a*j - 1057 - 71. Is j a multiple of 32?
False
Suppose -2*i + 681 + 5 = 0. Suppose -2*l = -i + 41. Let y = l + -91. Does 30 divide y?
True
Is (-1722)/(-3)*(-11)/(-22)*3 a multiple of 33?
False
Let d = 107 - 36. Is 4 a factor of d?
False
Suppose -10*p = -2*p - 1000. Is 33 a factor of p?
False
Let u be 3186/21 - (16/(-7) - -2). Is (u/32)/(2*3/72) a multiple of 22?
False
Suppose -134*c + 129*c + 1275 = 0. Is 43 a factor of c?
False
Is (-80)/14*(-76 - -6) a multiple of 10?
True
Does 49 divide (12/(-24))/((-1)/5978)?
True
Let m = 132 + -243. Is 5 a factor of -7 + 12 - m - (-3 - 0)?
False
Suppose -26*k = 16*k - 11004. Is k a multiple of 3?
False
Let m = 773 - 755. Is m a multiple of 16?
False
Suppose 3 = 3*r - 3. Suppose 4*t - 1 = 3*t + p, -5*p - 5 = 4*t. Suppose 2*l = 3*j - 34, r = -t*j + j + 4*l. Is 4 a factor of j?
False
Suppose 54*v - 2970 = 13770. Is 5 a factor of v?
True
Let v(n) be the third derivative of 203*n**6/120 + n**5/60 + 13*n**2. Does 37 divide v(1)?
False
Suppose -2*h - 128 = -620. Let s = h - 166. Is 16 a factor of s?
True
Let q(f) = f - 8. Let g be q(-3). Let b be (-1 + 154)*(g - -13). Suppose 3*m + 63 = b. Is 27 a factor of m?
True
Suppose -2*z + 2 = -z. Suppose -3*j - 2*j - 3*y + 187 = 0, -8 = -z*y. Does 3 divide 14/j + 53/5?
False
Let p = 2619 + -1463. Is 17 a factor of p?
True
Let f = -88 + 58. Let a = f - -51. Does 4 divide a?
